3*p - l = -p + o, 4*p - 4 = 3*o. What is the units digit of p?
4
Let h(k) = 2*k**3 - 2*k**2 - 3*k + 2. Suppose 0 = 5*x - 0*x - 4*y + 27, y = 3. Let c be x*1*4/(-6). What is the units digit of h(c)?
4
Suppose 3*i = -l + 4*i + 5, 4*l - 5 = i. Suppose -3*s + 51 + 48 = l. What is the tens digit of s?
3
Let f = 38 - 23. Let w = f - 6. What is the units digit of w?
9
Suppose -5*g - 6 = 14. Let r = -6 - g. What is the tens digit of 10 - -1 - (r - 1)?
1
What is the tens digit of (-65)/(2 - 3) + -4?
6
Suppose 5*l - 36 = 4. Let f be -3 - (-1)/(1/18). Let m = f - l. What is the units digit of m?
7
Let t(k) = -3*k + 30*k**2 + 0*k + 4*k - 13*k**2. What is the units digit of t(1)?
8
Suppose 4*z + z - 15 = 0. Suppose 2*a + 0*h = 3*h + 11, -5*h + 7 = z*a. What is the units digit of a?
4
Let z(k) = -3*k + 4. Let x(g) = -g**3 - 8*g**2 - g - 2. Let l be x(-8). Let o be l/4 + 54/(-12). What is the tens digit of z(o)?
1
Let l = 133 - 93. What is the tens digit of l?
4
Let i = -7 + 4. Let f(r) = -5*r**2 + 5*r + 6. Let g(c) = -9*c**2 + 10*c + 12. Let y(a) = i*g(a) + 5*f(a). What is the units digit of y(5)?
9
Let z = 11 + 22. What is the tens digit of z?
3
Suppose -1 - 3 = 4*u. Let o(p) = 12*p + 1. Let j be o(u). Let z = -8 - j. What is the units digit of z?
3
Let r be 0/(-2) - 8/4. Let a = 0 - r. What is the units digit of a?
2
Let u = 193 + -86. What is the units digit of u?
7
Let o = 1 + -5. Let d(f) = 1. Let m(r) = 2*r - 2. Let q(a) = 3*d(a) - m(a). What is the tens digit of q(o)?
1
Let b(n) = n**3 + 7*n**2 - 10*n - 12. Let y be b(-8). Let o(l) = -5*l. Let m be o(y). What is the units digit of (-13)/(-4) + 5/m?
3
Let s = -415 + 637. What is the units digit of s?
2
What is the units digit of (201/12)/(2/8)?
7
Suppose 4*d - 676 = -4*s, 3*d - s - 32 - 459 = 0. What is the units digit of d?
5
Let o(s) = -s**3 + 7*s**2 + 10*s - 9. Let r = 7 - -1. What is the units digit of o(r)?
7
What is the units digit of 4/10 + 24/15?
2
Let t be 40/18 - 26/117. Suppose -t*u - 2*u + 140 = 0. What is the units digit of u?
5
Let z(o) = -9 - o + 13 + 11. What is the units digit of z(12)?
3
Let s(g) be the first derivative of g**4/4 - 10*g**3/3 + 9*g**2/2 + 3*g - 1. Let i be s(9). Suppose 0*q - 21 = -i*q. What is the units digit of q?
7
Suppose -4*o - 2*k = -5*k - 83, 0 = 3*o - 2*k - 62. Suppose 0*r - o = -4*r. What is the units digit of r?
5
Let o = -30 - -47. What is the units digit of o?
7
Let n(x) = 4*x**2 + 8*x + 10. What is the units digit of n(-6)?
6
Suppose 2 + 6 = -4*l. What is the tens digit of (13/l)/(1/(-2))?
1
Let o(d) = 80*d + d**2 - 80*d - 3. What is the units digit of o(3)?
6
Let s = 63 - 24. What is the units digit of s?
9
Let f(a) = -3*a - 16. Let t be f(-7). Let p(h) be the first derivative of 5*h**2/2 - 3*h - 2. What is the units digit of p(t)?
2
What is the units digit of (80/(-12))/(-2)*6?
0
Let x = 10 - 7. Suppose -1 = -d - 2. Let v = x + d. What is the units digit of v?
2
Let m(p) = -6*p + 2. Let l(w) = 7*w - 3. Let o(b) = 5*l(b) + 6*m(b). What is the units digit of o(-6)?
3
Let o(q) = -q**2 + 3*q - 5. Let z be o(4). What is the units digit of 1*33*(-6)/z?
2
Let c be 26/169 + (-362)/(-13). What is the tens digit of (c/(-7))/((-2)/7)?
1
Suppose 0 = -b - 5 + 17. Suppose b = 5*z - 3. Let w = z - -9. What is the units digit of w?
2
Let j be (-18)/2 + 2*1. What is the units digit of j/14*(-12)/1?
6
Suppose -2*f + 103 = 3*p, 2*p - 1 = p. Let o = f + -21. What is the units digit of o?
9
Let p = 403 - 268. What is the tens digit of p?
3
Let m(v) be the third derivative of v**6/120 + v**5/10 + v**4/6 + v**3/3 + v**2. What is the units digit of m(-5)?
7
Let f be ((-2)/1)/(-2 + 1). Suppose f*w = 3 - 1. What is the units digit of w?
1
Suppose -3*n - 3*g - 11 = -4*g, -5*n - 30 = -4*g. Let k be (n - 2)*75/4. What is the units digit of ((-8)/(-10))/((-10)/k)?
6
Let b(v) = -v**2 - 7*v + 6. Suppose 2*i - 3*i = -4*f + 17, 3*i + 11 = 4*f. Let m(t) = -t**2 + 2*t - 3. Let n be m(i). What is the tens digit of b(n)?
1
Let g be -2*((-62)/4 + -2). Suppose 4*h = g - 3. Suppose -5*r + 3*r = -h. What is the units digit of r?
4
Let y be (-5 + 2)/(6/(-8)). Let w = -2 + y. Let l = 0 + w. What is the units digit of l?
2
Let s = -257 - -502. What is the tens digit of s?
4
Let b be (-146)/4 - 3/(-6). What is the tens digit of (-8)/(-3)*b/(-8)?
1
Let d(k) be the second derivative of k**4/12 - 7*k**3/6 + 9*k**2/2 - 2*k. Let b be d(6). Suppose 2 = -b*f - 4, 2*f = -5*p + 31. What is the units digit of p?
7
Let l = -282 - -412. What is the hundreds digit of l?
1
Let k = -8 - -26. What is the tens digit of k?
1
Let t(x) = -3*x - 1. Let q be t(-4). Let i be 7*(-2 + (-48)/(-14)). Let s = q - i. What is the units digit of s?
1
Suppose -r + 2*r - 174 = 0. What is the units digit of r?
4
Let p = 44 - 42. Suppose 14 = 2*u - 0*s - 2*s, 3*u + 5*s = -3. Let t = u - p. What is the units digit of t?
2
Suppose 5*v + k - 325 = 6*k, 0 = -4*v - 2*k + 290. What is the units digit of v?
0
Let y(v) = -v**3 + 7*v**2 + v + 5. Suppose 0 = 2*a + 3*z - 20, 3*a + 14 = -2*z + 39. What is the units digit of y(a)?
2
Let d = 7 - 5. Let o = d + 1. Let i = o + 0. What is the units digit of i?
3
Suppose -3*b - 18 = -3*q - 3, -5*q + 31 = b. Let t = 17 - q. What is the units digit of t?
1
Let p = -52 + 44. Let u(l) = l**2 + 5*l. Let i(t) = -t - 1. Let h(z) = 6*i(z) - u(z). What is the units digit of h(p)?
8
Let f(a) = -18*a**3 + a**2 + a + 1. Let k be f(-1). Let h = k + -8. What is the units digit of h?
1
Let p = -8 - -4. Let j(c) = -2*c**2 - 5*c - 2. Let q be j(p). What is the units digit of (-260)/(-35) - (-6)/q?
7
Let p(z) = 8 - 3*z**3 + 4*z**3 + 7*z**2 + 7*z - 8*z + 2*z. What is the tens digit of p(-6)?
3
Let d be -2 - 2*(-123)/3. Let v = 116 - d. What is the units digit of v?
6
Let d be (3 - 0)/(-1) - 2. Let a = d - -16. What is the units digit of a?
1
Suppose 0 = b - 3*b. Suppose b = -i - 3 + 38. What is the units digit of i?
5
Suppose -5*p + 120 = -p. Suppose z = 5*v - 80, 4*v = 5*z + 13 + p. What is the units digit of v?
7
Let j(s) = 9*s - 1. What is the units digit of j(8)?
1
Let c(f) = f**2 + 3. Let j be c(0). Suppose 4 = -r + j*r. Suppose -r*u + 37 = 3*o - 15, 2*o - 28 = 2*u. What is the units digit of o?
6
Suppose -2*i + 20 = -0*i - 5*v, -4*v = 2*i - 38. Let b = i + 14. What is the units digit of b?
9
Let c be (160/(-24))/(1/(-3)). Let a(x) = x**3 + 7*x**2 - 7*x + 10. Let i be a(-8). Suppose -3*j + c = -i*o - 15, -21 = -2*j - o. What is the tens digit of j?
1
Let b(v) = v**3 - 6*v**2 - 9*v + 9. What is the tens digit of b(9)?
7
Let q be -4 + (-48 - -3 - 2). Let v = q - -92. What is the units digit of v?
1
Suppose 488 = 3*a - 7*a. Let h = 4 - 1. What is the units digit of a/(-12) - h/18?
0
What is the hundreds digit of 74/3*(8 + -2)?
1
Let w = -150 + 244. What is the tens digit of w?
9
Let s = 7 - 11. Let w(g) = -g**3 - 2*g**2 + 4*g - 1. What is the tens digit of w(s)?
1
Let i = -6 + 1. Let g be (9/(-15))/(1/i). Suppose -4 = -g*f - 1. What is the units digit of f?
1
Suppose -2*q + 2 = -0*q. Let u = q - -25. What is the tens digit of u?
2
Let h be (-19)/(-3) + 10/15. Let b = 4 - h. What is the units digit of (2/3)/((-1)/b)?
2
Let a = -41 - -28. Let k = a + 8. Let h = k - -8. What is the units digit of h?
3
Let d be (-1 - -4) + -20 + -3. What is the units digit of -8*(-3 - d/(-16))?
4
Let b(t) = -t**3 - 7*t**2 + 7*t - 7. Let p be b(-8). Let i = 1 - p. Suppose -3*x - 2*f - 3*f + 29 = i, f = -4*x + 50. What is the units digit of x?
3
Let g = 82 - 53. What is the tens digit of g?
2
Suppose 2*m - 4*m = -118. What is the units digit of m?
9
Let r = 4 - -10. What is the units digit of r?
4
Let a(y) = y - 3. Suppose 0*j + j - 7 = 0. What is the units digit of a(j)?
4
Let z be (6/4)/(6/8). Suppose -5 = -z*s + 1. Suppose -s*h + 8 = -1. What is the units digit of h?
3
Suppose -3*k - 2*l - 42 = 0, 0 = -2*k + 3*k - 3*l + 3. Let a = -5 - k. What is the units digit of -4 + 2 + a/1?
5
Suppose 0 = 5*s - s - 192. What is the tens digit of s?
4
Suppose -11 = -3*s - v, -2*s + 2*v - 4 = -3*v. Suppose -30 = -g + s*g. Let c = -8 - g. What is the units digit of c?
7
Suppose 10*f - 5*f = -3*s + 35, f = 3*s - 11. Suppose 0*k = s*k - 50. What is the units digit of k?
0
Let w(u) = u**3 + 5*u**2 - 2*u - 5. What is the units digit of w(3)?
1
What is